hat is the hundred thousands digit of 632458?
6
What is the tens digit of 3062834?
3
What is the millions digit of 1161617?
1
What is the ten thousands digit of 3459028?
5
What is the hundreds digit of 642208?
2
What is the hundreds digit of 7493717?
7
What is the thousands digit of 22579961?
9
What is the ten thousands digit of 4099147?
9
What is the hundreds digit of 1632341?
3
What is the hundreds digit of 6133946?
9
What is the millions digit of 1754293?
1
What is the millions digit of 4529216?
4
What is the hundreds digit of 348154?
1
What is the tens digit of 476799?
9
What is the ten thousands digit of 667200?
6
What is the hundred thousands digit of 4080921?
0
What is the tens digit of 238523?
2
What is the units digit of 3814077?
7
What is the hundreds digit of 2012188?
1
What is the units digit of 96092?
2
What is the hundreds digit of 14496305?
3
What is the tens digit of 624853?
5
What is the units digit of 12015554?
4
What is the tens digit of 1038216?
1
What is the ten thousands digit of 3553539?
5
What is the millions digit of 2770421?
2
What is the tens digit of 159805?
0
What is the units digit of 171116?
6
What is the hundreds digit of 106324?
3
What is the ten thousands digit of 4107461?
0
What is the ten thousands digit of 13350657?
5
What is the millions digit of 2047688?
2
What is the hundreds digit of 12865242?
2
What is the ten thousands digit of 1047698?
4
What is the ten thousands digit of 3740418?
4
What is the hundreds digit of 154259?
2
What is the hundreds digit of 23890?
8
What is the hundred thousands digit of 345058?
3
What is the units digit of 344870?
0
What is the hundred thousands digit of 386190?
3
What is the units digit of 754312?
2
What is the millions digit of 1232411?
1
What is the ten millions digit of 12439202?
1
What is the hundreds digit of 3469347?
3
What is the hundreds digit of 97446?
4
What is the ten thousands digit of 14494371?
9
What is the hundreds digit of 4503561?
5
What is the ten thousands digit of 2468509?
6
What is the thousands digit of 319851?
9
What is the hundred thousands digit of 1683901?
6
What is the millions digit of 2122267?
2
What is the millions digit of 7916618?
7
What is the tens digit of 16689?
8
What is the ten thousands digit of 1090252?
9
What is the units digit of 155888?
8
What is the hundred thousands digit of 3815477?
8
What is the millions digit of 9236877?
9
What is the ten thousands digit of 2058712?
5
What is the hundreds digit of 8654800?
8
What is the ten thousands digit of 2456919?
5
What is the units digit of 4142280?
0
What is the hundreds digit of 16095?
0
What is the millions digit of 13723105?
3
What is the hundred thousands digit of 163362?
1
What is the tens digit of 337660?
6
What is the hundred thousands digit of 176153?
1
What is the hundreds digit of 72212?
2
What is the tens digit of 586941?
4
What is the units digit of 700060?
0
What is the tens digit of 5094349?
4
What is the ten thousands digit of 1026249?
2
What is the millions digit of 27240993?
7
What is the thousands digit of 1004216?
4
What is the tens digit of 37649?
4
What is the ten millions digit of 10235053?
1
What is the hundred thousands digit of 7608377?
6
What is the hundreds digit of 1512597?
5
What is the hundred thousands digit of 1765403?
7
What is the ten thousands digit of 414998?
1
What is the hundred thousands digit of 4602234?
6
What is the ten thousands digit of 2262915?
6
What is the units digit of 357310?
0
What is the ten thousands digit of 14412100?
1
What is the hundred thousands digit of 1223401?
2
What is the tens digit of 10383502?
0
What is the hundred thousands digit of 2792934?
7
What is the tens digit of 708082?
8
What is the units digit of 7007622?
2
What is the hundreds digit of 689526?
5
What is the thousands digit of 478187?
8
What is the millions digit of 14555701?
4
What is the units digit of 5423791?
1
What is the thousands digit of 1009?
1
What is the hundreds digit of 628678?
6
What is the thousands digit of 179264?
9
What is the hundred thousands digit of 545510?
5
What is the tens digit of 108095?
9
What is the thousands digit of 254177?
4
What is the hundreds digit of 213368?
3
What is the units digit of 131790?
0
What is the hundreds digit of 1315562?
5
What is the tens digit of 2774310?
1
What is the tens digit of 4431016?
1
What is the millions digit of 6353585?
6
What is the thousands digit of 1601870?
1
What is the tens digit of 6264?
6
What is the units digit of 1007116?
6
What is the units digit of 2812671?
1
What is the units digit of 318464?
4
What is the units digit of 1142062?
2
What is the tens digit of 30085757?
5
What is the tens digit of 646268?
6
What is the thousands digit of 25441118?
1
What is the hundred thousands digit of 6460969?
4
What is the ten thousands digit of 494465?
9
What is the ten thousands digit of 651110?
5
What is the ten thousands digit of 17446281?
4
What is the ten thousands digit of 75792?
7
What is the units digit of 693435?
5
What is the millions digit of 24438000?
4
What is the thousands digit of 1925767?
5
What is the millions digit of 4387819?
4
What is the hundreds digit of 14859554?
5
What is the units digit of 42221?
1
What is the thousands digit of 8645010?
5
What is the tens digit of 206924?
2
What is the thousands digit of 254424?
4
What is the hundred thousands digit of 282771?
2
What is the tens digit of 983460?
6
What is the hundreds digit of 323430?
4
What is the tens digit of 14709025?
2
What is the tens digit of 4914?
1
What is the thousands digit of 18489?
8
What is the tens digit of 334776?
7
What is the ten thousands digit of 404706?
0
What is the units digit of 4084947?
7
What is the hundreds digit of 1813906?
9
What is the tens digit of 216888?
8
What is the thousands digit of 1219284?
9
What is the millions digit of 3163899?
3
What is the ten thousands digit of 1667603?
6
What is the units digit of 59229?
9
What is the millions digit of 11388453?
1
What is the tens digit of 400544?
4
What is the ten thousands digit of 18894257?
9
What is the hundreds digit of 2463358?
3
What is the hundreds digit of 2261746?
7
What is the hundred thousands digit of 5895170?
8
What is the units digit of 31342?
2
What is the thousands digit of 11510966?
0
What is the ten thousands digit of 20872317?
7
What is the thousands digit of 646445?
6
What is the millions digit of 1388192?
1
What is the tens digit of 9721794?
9
What is the units digit of 31142?
2
What is the units digit of 600062?
2
What is the thousands digit of 261943?
1
What is the thousands digit of 6196552?
6
What is the thousands digit of 16802501?
2
What is the units digit of 463364?
4
What is the hundreds digit of 1906415?
4
What is the ten thousands digit of 58949?
5
What is the hundreds digit of 437287?
2
What is the units digit of 93028?
8
What is the thousands digit of 782183?
2
What is the ten thousands digit of 314164?
1
What is the ten thousands digit of 29283600?
8
What is the hundred thousands digit of 9176996?
1
What is the units digit of 3532849?
9
What is the thousands digit of 2046297?
6
What is the ten thousands digit of 27048649?
4
What is the millions digit of 2188385?
2
What is the units digit of 1095239?
9
What is the ten thousands digit of 25907382?
0
What is the ten thousands digit of 5927276?
2
What is the hundred thousands digit of 1579065?
5
What is the thousands digit of 134180?
4
What is the hundreds digit of 2026655?
6
What is the ten thousands digit of 323252?
2
What is the units digit of 1639420?
0
What is the hundred thousands digit of 7950088?
9
What is the tens digit of 531011?
1
What is the hundred thousands digit of 911847?
9
What is the units digit of 2413252?
2
What is the thousands digit of 79944?
9
What is the thousands digit of 383538?
3
What is the hundred thousands digit of 197367?
1
What is the tens digit of 5086471?
7
What is the hundreds digit of 6613538?
5
What is the units digit of 553007?
7
What is the tens digit of 815293?
9
What is the ten thousands digit of 1157960?
5
What is the units digit of 118454?
4
What is the hundreds digit of 27206?
2
What is the thousands digit of 4840723?
0
What is the thousands digit of 671701?
1
What is the units digit of 4104672?
2
What is the ten thous